{"id":235,"date":"2019-12-27T19:45:29","date_gmt":"2019-12-27T19:45:29","guid":{"rendered":"http:\/\/ricie.org\/?page_id=235"},"modified":"2019-12-27T19:48:36","modified_gmt":"2019-12-27T19:48:36","slug":"whatsapp-nuevo","status":"publish","type":"page","link":"https:\/\/ricie.unicyt.edu.pa\/index.php\/whatsapp-nuevo\/","title":{"rendered":"WhatsApp (nuevo)"},"content":{"rendered":"\n<p>Inscr\u00edbete en el nuevo grupo de WhatsApp \u201cSomosRICIE\u201d  para estar al d\u00eda con lo nuevo que ocurra en la Red de Investigadores en Creatividad e Innovaci\u00f3n en Educaci\u00f3n (RICIE)<br><a href=\"http:\/\/bit.ly\/WARICIE\"> http:\/\/bit.ly\/WARICIE<\/a><\/p>\n\n\n\n<figure class=\"wp-block-image size-large\"><img data-recalc-dims=\"1\" loading=\"lazy\" decoding=\"async\" width=\"764\" height=\"768\" src=\"https:\/\/i0.wp.com\/ricie.unicyt.edu.pa\/wp-content\/uploads\/2019\/12\/Invitaci%C3%B3n-RICIE-WhatsApp.jpeg?resize=764%2C768&#038;ssl=1\" alt=\"\" class=\"wp-image-234\" srcset=\"https:\/\/i0.wp.com\/ricie.unicyt.edu.pa\/wp-content\/uploads\/2019\/12\/Invitaci%C3%B3n-RICIE-WhatsApp.jpeg?w=764&amp;ssl=1 764w, https:\/\/i0.wp.com\/ricie.unicyt.edu.pa\/wp-content\/uploads\/2019\/12\/Invitaci%C3%B3n-RICIE-WhatsApp.jpeg?resize=298%2C300&amp;ssl=1 298w, https:\/\/i0.wp.com\/ricie.unicyt.edu.pa\/wp-content\/uploads\/2019\/12\/Invitaci%C3%B3n-RICIE-WhatsApp.jpeg?resize=150%2C150&amp;ssl=1 150w\" sizes=\"auto, (max-width: 764px) 100vw, 764px\" \/><figcaption><a href=\"http:\/\/bit.ly\/WARICIE\">http:\/\/bit.ly\/WARICIE<\/a><\/figcaption><\/figure>\n","protected":false},"excerpt":{"rendered":"<p>Inscr\u00edbete en el nuevo grupo de WhatsApp \u201cSomosRICIE\u201d para estar al d\u00eda con lo nuevo que ocurra en la Red de Investigadores en Creatividad e Innovaci\u00f3n en Educaci\u00f3n (RICIE) http:\/\/bit.ly\/WARICIE http:\/\/bit.ly\/WARICIE<\/p>\n","protected":false},"author":1,"featured_media":0,"parent":0,"menu_order":0,"comment_status":"closed","ping_status":"closed","template":"page-full.php","meta":{"_monsterinsights_skip_tracking":false,"_monsterinsights_sitenote_active":false,"_monsterinsights_sitenote_note":"","_monsterinsights_sitenote_category":0,"footnotes":""},"class_list":["post-235","page","type-page","status-publish","hentry"],"jetpack_sharing_enabled":true,"_links":{"self":[{"href":"https:\/\/ricie.unicyt.edu.pa\/index.php\/wp-json\/wp\/v2\/pages\/235","targetHints":{"allow":["GET"]}}],"collection":[{"href":"https:\/\/ricie.unicyt.edu.pa\/index.php\/wp-json\/wp\/v2\/pages"}],"about":[{"href":"https:\/\/ricie.unicyt.edu.pa\/index.php\/wp-json\/wp\/v2\/types\/page"}],"author":[{"embeddable":true,"href":"https:\/\/ricie.unicyt.edu.pa\/index.php\/wp-json\/wp\/v2\/users\/1"}],"replies":[{"embeddable":true,"href":"https:\/\/ricie.unicyt.edu.pa\/index.php\/wp-json\/wp\/v2\/comments?post=235"}],"version-history":[{"count":4,"href":"https:\/\/ricie.unicyt.edu.pa\/index.php\/wp-json\/wp\/v2\/pages\/235\/revisions"}],"predecessor-version":[{"id":240,"href":"https:\/\/ricie.unicyt.edu.pa\/index.php\/wp-json\/wp\/v2\/pages\/235\/revisions\/240"}],"wp:attachment":[{"href":"https:\/\/ricie.unicyt.edu.pa\/index.php\/wp-json\/wp\/v2\/media?parent=235"}],"curies":[{"name":"wp","href":"https:\/\/api.w.org\/{rel}","templated":true}]}}