{"id":46,"date":"2019-09-12T22:48:00","date_gmt":"2019-09-12T22:48:00","guid":{"rendered":"http:\/\/ricie.org\/?page_id=46"},"modified":"2019-09-14T16:57:05","modified_gmt":"2019-09-14T16:57:05","slug":"estatutos","status":"publish","type":"page","link":"https:\/\/ricie.unicyt.edu.pa\/index.php\/estatutos\/","title":{"rendered":"Estatutos"},"content":{"rendered":"\n<p><strong>Art\u00edculo 1: Origen de la red<\/strong><\/p>\n\n\n\n<p>La Red de Investigadores de Creatividad e\nInnovaci\u00f3n en Educaci\u00f3n (RICIE) se cre\u00f3 el 31 de mayo de 2019 en el marco del I\nCongreso de Creatividad en Innovaci\u00f3n en Educaci\u00f3n, celebrado en la Ciudad de Panam\u00e1,\nPanam\u00e1, para promover la investigaci\u00f3n y trabajo colaborativo en el \u00e1rea\neducativa entre investigadores de la regi\u00f3n Latinoamericana y del Caribe.<\/p>\n\n\n\n<p><strong>Art\u00edculo 2: Sobre la denominaci\u00f3n<\/strong><\/p>\n\n\n\n<p>La organizaci\u00f3n se denomina Red de Investigadores en Creatividad e Innovaci\u00f3n en Educaci\u00f3n y se identificar\u00e1 con las siglas RICIE.<\/p>\n\n\n\n<p><strong>Art\u00edculo 3: Sobre los objetivos de la red<\/strong><\/p>\n\n\n\n<p><strong>Objetivo general: <\/strong>Generar un espacio para la difusi\u00f3n, reflexi\u00f3n, an\u00e1lisis, intercambio de experiencias y discusi\u00f3n en torno a innovaciones, desarrollos tecnol\u00f3gicos e investigaciones relacionadas con la educaci\u00f3n, y as\u00ed contribuir al desarrollo y fortalecimiento de la investigaci\u00f3n educativa de los diferentes pa\u00edses que conforman la red.<\/p>\n\n\n\n<p><strong>Objetivos espec\u00edficos:<\/strong><\/p>\n\n\n\n<ol class=\"wp-block-list\"><li>Intercambiar experiencias locales e internacionales en el \u00e1rea de creatividad e innovaci\u00f3n en educaci\u00f3n y discutir su impacto en la mejora del proceso de aprendizaje<\/li><li>Promover e incentivar investigaciones dirigidas a la soluci\u00f3n de problemas del pa\u00eds y la regi\u00f3n, consolidando l\u00edneas de investigaci\u00f3n de impacto nacional e internacional.<\/li><li>Desarrollar proyectos de investigaci\u00f3n en conjunto.<\/li><li>Promover la actualizaci\u00f3n permanente de los miembros de la red, a trav\u00e9s del desarrollo de programas educativos y de investigaci\u00f3n.<\/li><\/ol>\n\n\n\n<p><strong>Art\u00edculo 4: Sobre los miembros<\/strong><\/p>\n\n\n\n<p>Podr\u00e1n ser miembros los investigadores de diferentes pa\u00edses que est\u00e1n interesados en \u00e1reas tem\u00e1ticas relacionadas con educaci\u00f3n; en especial con aquellas \u00e1reas de tecnolog\u00eda, innovaci\u00f3n y creatividad. Tambi\u00e9n pueden ser miembros de la red Instituciones Educativas y Centros o Institutos de Investigaci\u00f3n. Todo interesado deber\u00e1 llenar el formulario que se encuentra en la p\u00e1gina web de la Red (RICIE-UNICyT.org).<\/p>\n\n\n\n<p><strong>Art\u00edculo 5: Sobre la Asamblea de Miembros<\/strong><\/p>\n\n\n\n<p>Se asume como el \u00f3rgano de gobierno de la red. La integran todos sus miembros quienes tratan temas de inter\u00e9s para el funcionamiento y sostenibilidad de la red. Las Asambleas se llevar\u00e1n a cabo en un espacio dedicado para tal fin en cada edici\u00f3n del Congreso de Creatividad e Innovaci\u00f3n en Educaci\u00f3n.<\/p>\n\n\n\n<p><strong>Art\u00edculo 6: Sobre el(la) Coordinador(a):<\/strong><\/p>\n\n\n\n<p>Persona que tiene la funci\u00f3n de gestionar los recursos tangibles e intangibles de la red para garantizar el cumplimiento de sus objetivos y metas. Como Coordinadora fundadora comenzar\u00e1 la Dra. Aura L. L\u00f3pez de Ramos de la Universidad Internacional de Ciencia y Tecnolog\u00eda (UNICyT) ubicada en la Ciudad de Panam\u00e1, Panam\u00e1.<\/p>\n\n\n\n<p><strong>Art\u00edculo 7: Sobre las \u00e1reas tem\u00e1ticas de RICIE<\/strong><\/p>\n\n\n\n<ul class=\"wp-block-list\"><li><em>Flipped Classroom<\/em><\/li><li>Investigaci\u00f3n para la Innovaci\u00f3n Educativa<\/li><li><em>Makers Lab<\/em><\/li><li>Educaci\u00f3n Virtual<\/li><li>Neurociencias<\/li><li>Gamificaci\u00f3n<\/li><li><em>Big Data<\/em>y&nbsp;<em>Learning Machine<\/em><\/li><li>Pedagog\u00edas emergentes<\/li><li><em>Design Thinking<\/em><\/li><li>Alfabetizaci\u00f3n digital<\/li><li>TIC en Educaci\u00f3n<\/li><li>Otros temas de relevancia y que los investigadores miembros consideren pertinentes<\/li><\/ul>\n\n\n\n<p><strong>Art\u00edculo 8: Disposiciones finales<\/strong><\/p>\n\n\n\n<p>Para iniciar la Red de Investigadores en\nCreatividad e Innovaci\u00f3n en Educaci\u00f3n se usar\u00e1 en presente Estatuto. Cuando\nRICIE se consolide se har\u00e1 un nuevo estatuto y se aprobar\u00e1 por la Asamblea de Miembros.<\/p>\n","protected":false},"excerpt":{"rendered":"<p>Art\u00edculo 1: Origen de la red La Red de Investigadores de Creatividad e Innovaci\u00f3n en Educaci\u00f3n (RICIE) se cre\u00f3 el 31 de mayo de 2019 en el marco del I Congreso de Creatividad en Innovaci\u00f3n en Educaci\u00f3n, celebrado en la Ciudad de Panam\u00e1, Panam\u00e1, para promover la investigaci\u00f3n y trabajo colaborativo en el \u00e1rea educativa entre investigadores de la regi\u00f3n Latinoamericana y del Caribe. Art\u00edculo 2: Sobre la denominaci\u00f3n La organizaci\u00f3n se denomina Red de Investigadores en Creatividad e Innovaci\u00f3n en Educaci\u00f3n y se identificar\u00e1 con las siglas RICIE. Art\u00edculo 3: Sobre los objetivos de la red Objetivo general: Generar un espacio para la difusi\u00f3n, reflexi\u00f3n, an\u00e1lisis, intercambio de experiencias y discusi\u00f3n en torno a innovaciones, desarrollos tecnol\u00f3gicos e investigaciones relacionadas con la educaci\u00f3n, y as\u00ed contribuir al desarrollo y fortalecimiento de la investigaci\u00f3n educativa de los diferentes pa\u00edses que conforman la red. Objetivos espec\u00edficos: Intercambiar experiencias locales e internacionales en el \u00e1rea de creatividad e innovaci\u00f3n en educaci\u00f3n y discutir su impacto en la mejora del proceso de aprendizajePromover e incentivar investigaciones dirigidas a la soluci\u00f3n de problemas del pa\u00eds y la regi\u00f3n, consolidando l\u00edneas de investigaci\u00f3n de impacto nacional e internacional.Desarrollar proyectos de investigaci\u00f3n en conjunto.Promover la actualizaci\u00f3n [&#8230;]<\/p>\n","protected":false},"author":1,"featured_media":0,"parent":0,"menu_order":0,"comment_status":"closed","ping_status":"closed","template":"page-full.php","meta":{"_monsterinsights_skip_tracking":false,"_monsterinsights_sitenote_active":false,"_monsterinsights_sitenote_note":"","_monsterinsights_sitenote_category":0,"footnotes":""},"class_list":["post-46","page","type-page","status-publish","hentry"],"jetpack_sharing_enabled":true,"_links":{"self":[{"href":"https:\/\/ricie.unicyt.edu.pa\/index.php\/wp-json\/wp\/v2\/pages\/46","targetHints":{"allow":["GET"]}}],"collection":[{"href":"https:\/\/ricie.unicyt.edu.pa\/index.php\/wp-json\/wp\/v2\/pages"}],"about":[{"href":"https:\/\/ricie.unicyt.edu.pa\/index.php\/wp-json\/wp\/v2\/types\/page"}],"author":[{"embeddable":true,"href":"https:\/\/ricie.unicyt.edu.pa\/index.php\/wp-json\/wp\/v2\/users\/1"}],"replies":[{"embeddable":true,"href":"https:\/\/ricie.unicyt.edu.pa\/index.php\/wp-json\/wp\/v2\/comments?post=46"}],"version-history":[{"count":3,"href":"https:\/\/ricie.unicyt.edu.pa\/index.php\/wp-json\/wp\/v2\/pages\/46\/revisions"}],"predecessor-version":[{"id":101,"href":"https:\/\/ricie.unicyt.edu.pa\/index.php\/wp-json\/wp\/v2\/pages\/46\/revisions\/101"}],"wp:attachment":[{"href":"https:\/\/ricie.unicyt.edu.pa\/index.php\/wp-json\/wp\/v2\/media?parent=46"}],"curies":[{"name":"wp","href":"https:\/\/api.w.org\/{rel}","templated":true}]}}