{"id":55,"date":"2019-09-12T23:02:10","date_gmt":"2019-09-12T23:02:10","guid":{"rendered":"http:\/\/ricie.org\/?page_id=55"},"modified":"2019-09-26T17:20:10","modified_gmt":"2019-09-26T17:20:10","slug":"miembros-fundadores","status":"publish","type":"page","link":"https:\/\/ricie.unicyt.edu.pa\/index.php\/miembros-fundadores\/","title":{"rendered":"Miembros fundadores"},"content":{"rendered":"\n<p>Aura L. L\u00f3pez de Ramos<br><a href=\"http:\/\/www.idi-unicyt.org\/noticias-2\/\" target=\"_blank\" rel=\"noreferrer noopener\"><em>Universidad Internacional de Ciencia y Tecnolog\u00eda<\/em><\/a><\/p>\n\n\n\n<p>Ulina Mapp<br><a href=\"http:\/\/www.isaeuniversidad.ac.pa\/primer-congreso-de-creatividad-e-innovacion-en-educacion\/\" target=\"_blank\" rel=\"noreferrer noopener\"><em>ISAE Universidad<\/em><\/a><\/p>\n\n\n\n<p>Liliana Pi\u00f1ero<br><a href=\"http:\/\/www.uea.edu.pa\/investigacion\" target=\"_blank\" rel=\"noreferrer noopener\"><em>Universidad Euroamericana<\/em><\/a><\/p>\n\n\n\n<p>Ricardo Acosta<br><a href=\"https:\/\/qlu.ac.pa\/registrate-para-el-primer-congreso-de-creatividad-e-innovacion-en-educacion-2019\/\" target=\"_blank\" rel=\"noreferrer noopener\"><em>Quality Leadership University<\/em><\/a><\/p>\n\n\n\n<p>Alba Mata<br><a href=\"http:\/\/www.uam.ac.pa\/1er-congreso-de-creatividad-e-innovacion-en-educacion\/\" target=\"_blank\" rel=\"noreferrer noopener\"><em>Universidad Americana<\/em><\/a><\/p>\n\n\n\n<p>Gianna Frassati<br><a href=\"https:\/\/www.ulatina.edu.pa\/apps\/events\/2019\/5\/?id=0\" target=\"_blank\" rel=\"noreferrer noopener\"><em>Universidad Latina de Panam\u00e1<\/em><\/a><\/p>\n\n\n\n<p>Dania Batista<br><a href=\"https:\/\/www.udelistmo.edu\/content\/congreso\" target=\"_blank\" rel=\"noreferrer noopener\"><em>Universidad del Istmo<\/em><\/a><\/p>\n\n\n\n<p>Leydis Lezama<br><a href=\"http:\/\/www.ucp.ac.pa\/1er-congreso-creatividad-innovacion-en-educacion\/\" target=\"_blank\" rel=\"noreferrer noopener\"><em>Universidad Cristiana de Panam\u00e1<\/em><\/a><\/p>\n\n\n\n<p>Jaime Estrella<br><a href=\"https:\/\/ucaribe.edu.pa\/inicio\/noticias\/199-i-congreso-de-creatividad-e-innovacion-en-educacion\" target=\"_blank\" rel=\"noreferrer noopener\"><em>Universidad del Caribe<\/em><\/a><\/p>\n\n\n\n<p>Ernesto Angulo<br><a href=\"https:\/\/unesca.com\/noticias\/programa-i-congreso-de-creatividad-e-innovacion-en-educacion-cie-panama-2019\/\" target=\"_blank\" rel=\"noreferrer noopener\"><em>Universidad Nuestra Se\u00f1ora del Carmen<\/em><\/a><\/p>\n\n\n\n<p>M\u00f3nica Gamboa<br><a rel=\"noreferrer noopener\" href=\"http:\/\/www.idi-unicyt.org\/noticias-2\/\" target=\"_blank\"><em>Universidad Internacional de Ciencia y Tecnolog\u00eda<\/em><\/a><\/p>\n\n\n\n<p>Amir Fil\u00f3s<\/p>\n","protected":false},"excerpt":{"rendered":"<p>Aura L. L\u00f3pez de RamosUniversidad Internacional de Ciencia y Tecnolog\u00eda Ulina MappISAE Universidad Liliana Pi\u00f1eroUniversidad Euroamericana Ricardo AcostaQuality Leadership University Alba MataUniversidad Americana Gianna FrassatiUniversidad Latina de Panam\u00e1 Dania BatistaUniversidad del Istmo Leydis LezamaUniversidad Cristiana de Panam\u00e1 Jaime EstrellaUniversidad del Caribe Ernesto AnguloUniversidad Nuestra Se\u00f1ora del Carmen M\u00f3nica GamboaUniversidad Internacional de Ciencia y Tecnolog\u00eda Amir Fil\u00f3s<\/p>\n","protected":false},"author":1,"featured_media":0,"parent":0,"menu_order":0,"comment_status":"closed","ping_status":"closed","template":"page-full.php","meta":{"_monsterinsights_skip_tracking":false,"_monsterinsights_sitenote_active":false,"_monsterinsights_sitenote_note":"","_monsterinsights_sitenote_category":0,"footnotes":""},"class_list":["post-55","page","type-page","status-publish","hentry"],"jetpack_sharing_enabled":true,"_links":{"self":[{"href":"https:\/\/ricie.unicyt.edu.pa\/index.php\/wp-json\/wp\/v2\/pages\/55","targetHints":{"allow":["GET"]}}],"collection":[{"href":"https:\/\/ricie.unicyt.edu.pa\/index.php\/wp-json\/wp\/v2\/pages"}],"about":[{"href":"https:\/\/ricie.unicyt.edu.pa\/index.php\/wp-json\/wp\/v2\/types\/page"}],"author":[{"embeddable":true,"href":"https:\/\/ricie.unicyt.edu.pa\/index.php\/wp-json\/wp\/v2\/users\/1"}],"replies":[{"embeddable":true,"href":"https:\/\/ricie.unicyt.edu.pa\/index.php\/wp-json\/wp\/v2\/comments?post=55"}],"version-history":[{"count":4,"href":"https:\/\/ricie.unicyt.edu.pa\/index.php\/wp-json\/wp\/v2\/pages\/55\/revisions"}],"predecessor-version":[{"id":114,"href":"https:\/\/ricie.unicyt.edu.pa\/index.php\/wp-json\/wp\/v2\/pages\/55\/revisions\/114"}],"wp:attachment":[{"href":"https:\/\/ricie.unicyt.edu.pa\/index.php\/wp-json\/wp\/v2\/media?parent=55"}],"curies":[{"name":"wp","href":"https:\/\/api.w.org\/{rel}","templated":true}]}}

<p>Aura L. López de Ramos<br><a href="http://www.idi-unicyt.org/noticias-2/" target="_blank" rel="noreferrer noopener"><em>Universidad Internacional de Ciencia y Tecnología</em></a></p>



<p>Ulina Mapp<br><a href="http://www.isaeuniversidad.ac.pa/primer-congreso-de-creatividad-e-innovacion-en-educacion/" target="_blank" rel="noreferrer noopener"><em>ISAE Universidad</em></a></p>



<p>Liliana Piñero<br><a href="http://www.uea.edu.pa/investigacion" target="_blank" rel="noreferrer noopener"><em>Universidad Euroamericana</em></a></p>



<p>Ricardo Acosta<br><a href="https://qlu.ac.pa/registrate-para-el-primer-congreso-de-creatividad-e-innovacion-en-educacion-2019/" target="_blank" rel="noreferrer noopener"><em>Quality Leadership University</em></a></p>



<p>Alba Mata<br><a href="http://www.uam.ac.pa/1er-congreso-de-creatividad-e-innovacion-en-educacion/" target="_blank" rel="noreferrer noopener"><em>Universidad Americana</em></a></p>



<p>Gianna Frassati<br><a href="https://www.ulatina.edu.pa/apps/events/2019/5/?id=0" target="_blank" rel="noreferrer noopener"><em>Universidad Latina de Panamá</em></a></p>



<p>Dania Batista<br><a href="https://www.udelistmo.edu/content/congreso" target="_blank" rel="noreferrer noopener"><em>Universidad del Istmo</em></a></p>



<p>Leydis Lezama<br><a href="http://www.ucp.ac.pa/1er-congreso-creatividad-innovacion-en-educacion/" target="_blank" rel="noreferrer noopener"><em>Universidad Cristiana de Panamá</em></a></p>



<p>Jaime Estrella<br><a href="https://ucaribe.edu.pa/inicio/noticias/199-i-congreso-de-creatividad-e-innovacion-en-educacion" target="_blank" rel="noreferrer noopener"><em>Universidad del Caribe</em></a></p>



<p>Ernesto Angulo<br><a href="https://unesca.com/noticias/programa-i-congreso-de-creatividad-e-innovacion-en-educacion-cie-panama-2019/" target="_blank" rel="noreferrer noopener"><em>Universidad Nuestra Señora del Carmen</em></a></p>



<p>Mónica Gamboa<br><a rel="noreferrer noopener" href="http://www.idi-unicyt.org/noticias-2/" target="_blank"><em>Universidad Internacional de Ciencia y Tecnología</em></a></p>



<p>Amir Filós</p>

<p>Aura L. López de RamosUniversidad Internacional de Ciencia y Tecnología Ulina MappISAE Universidad Liliana PiñeroUniversidad Euroamericana Ricardo AcostaQuality Leadership University Alba MataUniversidad Americana Gianna FrassatiUniversidad Latina de Panamá Dania BatistaUniversidad del Istmo Leydis LezamaUniversidad Cristiana de Panamá Jaime EstrellaUniversidad del Caribe Ernesto AnguloUniversidad Nuestra Señora del Carmen Mónica GamboaUniversidad Internacional de Ciencia y Tecnología Amir Filós</p>
