{"id":66,"date":"2019-09-12T23:07:52","date_gmt":"2019-09-12T23:07:52","guid":{"rendered":"http:\/\/ricie.org\/?page_id=66"},"modified":"2023-08-18T14:21:10","modified_gmt":"2023-08-18T14:21:10","slug":"formacion","status":"publish","type":"page","link":"https:\/\/ricie.unicyt.edu.pa\/index.php\/formacion\/","title":{"rendered":"Formaci\u00f3n"},"content":{"rendered":"\n<figure class=\"wp-block-image size-large\"><img data-recalc-dims=\"1\" loading=\"lazy\" decoding=\"async\" width=\"1024\" height=\"1024\" src=\"https:\/\/i0.wp.com\/ricie.org\/wp-content\/uploads\/2023\/08\/WhatsApp-Image-2023-08-14-at-7.37.52-AM-1024x1024.jpeg?resize=1024%2C1024&#038;ssl=1\" alt=\"\" class=\"wp-image-527\" srcset=\"https:\/\/i0.wp.com\/ricie.unicyt.edu.pa\/wp-content\/uploads\/2023\/08\/WhatsApp-Image-2023-08-14-at-7.37.52-AM.jpeg?resize=1024%2C1024&amp;ssl=1 1024w, https:\/\/i0.wp.com\/ricie.unicyt.edu.pa\/wp-content\/uploads\/2023\/08\/WhatsApp-Image-2023-08-14-at-7.37.52-AM.jpeg?resize=300%2C300&amp;ssl=1 300w, https:\/\/i0.wp.com\/ricie.unicyt.edu.pa\/wp-content\/uploads\/2023\/08\/WhatsApp-Image-2023-08-14-at-7.37.52-AM.jpeg?resize=150%2C150&amp;ssl=1 150w, https:\/\/i0.wp.com\/ricie.unicyt.edu.pa\/wp-content\/uploads\/2023\/08\/WhatsApp-Image-2023-08-14-at-7.37.52-AM.jpeg?resize=768%2C768&amp;ssl=1 768w, https:\/\/i0.wp.com\/ricie.unicyt.edu.pa\/wp-content\/uploads\/2023\/08\/WhatsApp-Image-2023-08-14-at-7.37.52-AM.jpeg?w=1080&amp;ssl=1 1080w\" sizes=\"auto, (max-width: 1000px) 100vw, 1000px\" \/><figcaption class=\"wp-element-caption\"><strong>Enlace para la inscripci\u00f3n:<\/strong>\u00a0<a rel=\"noreferrer noopener\" href=\"https:\/\/esimposio.com\/cie2023\/registro.php?id=1\" target=\"_blank\">https:\/\/esimposio.com\/cie2023\/registro.php?id=1<\/a><\/figcaption><\/figure>\n\n\n\n<figure class=\"wp-block-image size-large\"><img data-recalc-dims=\"1\" loading=\"lazy\" decoding=\"async\" width=\"1024\" height=\"1024\" src=\"https:\/\/i0.wp.com\/ricie.org\/wp-content\/uploads\/2023\/08\/WhatsApp-Image-2023-08-14-at-7.37.52-AM-2-1024x1024.jpeg?resize=1024%2C1024&#038;ssl=1\" alt=\"\" class=\"wp-image-529\" srcset=\"https:\/\/i0.wp.com\/ricie.unicyt.edu.pa\/wp-content\/uploads\/2023\/08\/WhatsApp-Image-2023-08-14-at-7.37.52-AM-2.jpeg?resize=1024%2C1024&amp;ssl=1 1024w, https:\/\/i0.wp.com\/ricie.unicyt.edu.pa\/wp-content\/uploads\/2023\/08\/WhatsApp-Image-2023-08-14-at-7.37.52-AM-2.jpeg?resize=300%2C300&amp;ssl=1 300w, https:\/\/i0.wp.com\/ricie.unicyt.edu.pa\/wp-content\/uploads\/2023\/08\/WhatsApp-Image-2023-08-14-at-7.37.52-AM-2.jpeg?resize=150%2C150&amp;ssl=1 150w, https:\/\/i0.wp.com\/ricie.unicyt.edu.pa\/wp-content\/uploads\/2023\/08\/WhatsApp-Image-2023-08-14-at-7.37.52-AM-2.jpeg?resize=768%2C768&amp;ssl=1 768w, https:\/\/i0.wp.com\/ricie.unicyt.edu.pa\/wp-content\/uploads\/2023\/08\/WhatsApp-Image-2023-08-14-at-7.37.52-AM-2.jpeg?w=1080&amp;ssl=1 1080w\" sizes=\"auto, (max-width: 1000px) 100vw, 1000px\" \/><figcaption class=\"wp-element-caption\"><strong>Enlace para la inscripci\u00f3n:<\/strong>\u00a0<a rel=\"noreferrer noopener\" href=\"https:\/\/esimposio.com\/cie2023\/registro.php?id=1\" target=\"_blank\">https:\/\/esimposio.com\/cie2023\/registro.php?id=1<\/a><\/figcaption><\/figure>\n\n\n\n<figure class=\"wp-block-image size-large\"><img data-recalc-dims=\"1\" loading=\"lazy\" decoding=\"async\" width=\"1024\" height=\"1024\" src=\"https:\/\/i0.wp.com\/ricie.org\/wp-content\/uploads\/2023\/08\/WhatsApp-Image-2023-08-14-at-7.37.52-AM-1-1024x1024.jpeg?resize=1024%2C1024&#038;ssl=1\" alt=\"\" class=\"wp-image-530\" srcset=\"https:\/\/i0.wp.com\/ricie.unicyt.edu.pa\/wp-content\/uploads\/2023\/08\/WhatsApp-Image-2023-08-14-at-7.37.52-AM-1.jpeg?resize=1024%2C1024&amp;ssl=1 1024w, https:\/\/i0.wp.com\/ricie.unicyt.edu.pa\/wp-content\/uploads\/2023\/08\/WhatsApp-Image-2023-08-14-at-7.37.52-AM-1.jpeg?resize=300%2C300&amp;ssl=1 300w, https:\/\/i0.wp.com\/ricie.unicyt.edu.pa\/wp-content\/uploads\/2023\/08\/WhatsApp-Image-2023-08-14-at-7.37.52-AM-1.jpeg?resize=150%2C150&amp;ssl=1 150w, https:\/\/i0.wp.com\/ricie.unicyt.edu.pa\/wp-content\/uploads\/2023\/08\/WhatsApp-Image-2023-08-14-at-7.37.52-AM-1.jpeg?resize=768%2C768&amp;ssl=1 768w, https:\/\/i0.wp.com\/ricie.unicyt.edu.pa\/wp-content\/uploads\/2023\/08\/WhatsApp-Image-2023-08-14-at-7.37.52-AM-1.jpeg?w=1080&amp;ssl=1 1080w\" sizes=\"auto, (max-width: 1000px) 100vw, 1000px\" \/><figcaption class=\"wp-element-caption\"><strong>Enlace para la inscripci\u00f3n:<\/strong>\u00a0<a rel=\"noreferrer noopener\" href=\"https:\/\/esimposio.com\/cie2023\/registro.php?id=1\" target=\"_blank\">https:\/\/esimposio.com\/cie2023\/registro.php?id=1<\/a><\/figcaption><\/figure>\n\n\n\n<p>Estos tres talleres se desarrollar\u00e1n el primer d\u00eda del II Congreso de Creatividad e Innovaci\u00f3n en Educaci\u00f3n (CIE-2023). El costo de inscripci\u00f3n es de US$ 70.00 e incluye la participaci\u00f3n de todas las actividades del congreso. M\u00e1s informaci\u00f3n en: <a rel=\"noreferrer noopener\" href=\"http:\/\/cie-unicyt.org\/\" target=\"_blank\">http:\/\/cie-unicyt.org\/<\/a>. Incluye certificado digital. Para m\u00e1s informaci\u00f3n escribir a cie@unicyt.net.<\/p>\n","protected":false},"excerpt":{"rendered":"<p>Enlace para la inscripci\u00f3n:\u00a0https:\/\/esimposio.com\/cie2023\/registro.php?id=1 Enlace para la inscripci\u00f3n:\u00a0https:\/\/esimposio.com\/cie2023\/registro.php?id=1 Enlace para la inscripci\u00f3n:\u00a0https:\/\/esimposio.com\/cie2023\/registro.php?id=1 Estos tres talleres se desarrollar\u00e1n el primer d\u00eda del II Congreso de Creatividad e Innovaci\u00f3n en Educaci\u00f3n (CIE-2023). El costo de inscripci\u00f3n es de US$ 70.00 e incluye la participaci\u00f3n de todas las actividades del congreso. M\u00e1s informaci\u00f3n en: http:\/\/cie-unicyt.org\/. Incluye certificado digital. Para m\u00e1s informaci\u00f3n escribir a cie@unicyt.net.<\/p>\n","protected":false},"author":1,"featured_media":0,"parent":0,"menu_order":0,"comment_status":"closed","ping_status":"closed","template":"page-full.php","meta":{"_monsterinsights_skip_tracking":false,"_monsterinsights_sitenote_active":false,"_monsterinsights_sitenote_note":"","_monsterinsights_sitenote_category":0,"footnotes":""},"class_list":["post-66","page","type-page","status-publish","hentry"],"jetpack_sharing_enabled":true,"_links":{"self":[{"href":"https:\/\/ricie.unicyt.edu.pa\/index.php\/wp-json\/wp\/v2\/pages\/66","targetHints":{"allow":["GET"]}}],"collection":[{"href":"https:\/\/ricie.unicyt.edu.pa\/index.php\/wp-json\/wp\/v2\/pages"}],"about":[{"href":"https:\/\/ricie.unicyt.edu.pa\/index.php\/wp-json\/wp\/v2\/types\/page"}],"author":[{"embeddable":true,"href":"https:\/\/ricie.unicyt.edu.pa\/index.php\/wp-json\/wp\/v2\/users\/1"}],"replies":[{"embeddable":true,"href":"https:\/\/ricie.unicyt.edu.pa\/index.php\/wp-json\/wp\/v2\/comments?post=66"}],"version-history":[{"count":3,"href":"https:\/\/ricie.unicyt.edu.pa\/index.php\/wp-json\/wp\/v2\/pages\/66\/revisions"}],"predecessor-version":[{"id":531,"href":"https:\/\/ricie.unicyt.edu.pa\/index.php\/wp-json\/wp\/v2\/pages\/66\/revisions\/531"}],"wp:attachment":[{"href":"https:\/\/ricie.unicyt.edu.pa\/index.php\/wp-json\/wp\/v2\/media?parent=66"}],"curies":[{"name":"wp","href":"https:\/\/api.w.org\/{rel}","templated":true}]}}